 Suppose -87 = 10*g + 19*g. Calculate x(g).
-4
Let q(u) be the first derivative of u**3/3 - 5*u**2/2 - 8*u + 70. Suppose -m + 4 = 3*m. Let t be m/((-1)/3) - -10. Calculate q(t).
6
Suppose 13*m - 8 = 9*m. Let t(s) be the third derivative of -1/6*s**4 - 2*s**2 + 0 - 1/6*s**3 + 0*s + 1/60*s**5. Determine t(m).
-5
Suppose 0 = 2*f - 4*v + 18, -8*v + 3*v + 20 = 0. Let k(h) = -h**3 + 9*h**2 - 9*h + 1. Let n(b) = b**2 - b - 1. Let g(t) = f*k(t) + 3*n(t). Calculate g(5).
1
Let i(m) = -17*m + 22*m - 15*m + 8*m**2 - 6 - 3*m**2 - 7*m**2. Give i(-5).
-6
Let u(y) = 9*y**3 + 15*y**2 - 17*y + 17. Let n(w) = -4*w**3 - 7*w**2 + 8*w - 8. Let v(d) = -7*n(d) - 3*u(d). Give v(-5).
5
Let r(a) = a - 3. Let v(c) = -c. Let l(n) = -6. Let j(g) = -l(g) + 3*v(g). Let i(q) = 5*j(q) + 9*r(q). Calculate i(2).
-9
Suppose 56 = -4*c - 5*n + 42, 3*n = 6. Let h(m) = m**3 + 4*m**2 - 11*m + 13. Calculate h(c).
7
Let r be 36/16 - (-3)/(-12). Let d(b) be the second derivative of -b**4/3 + 4*b**2 + 10*b. Let l(q) be the first derivative of d(q). What is l(r)?
-16
Let n(m) = 7*m - 9*m - m**2 - m - m. Calculate n(-6).
-12
Let k(x) = 15*x**2 - 3*x + 2. Let n(i) = 7*i + 148. Let t be n(-21). What is k(t)?
14
Suppose 3*d = -3*z - 9, -4*d + 2*d - z - 1 = 0. Let b(g) = 6*g**2 - 9 + 9*g**d + 8*g**2 - 22*g**2 - 6*g. Determine b(7).
-2
Suppose 0*t - 2*t - 4*h = -2, t + h = -2. Let a(v) = 2*v**3 + 7*v**2 + 17*v + 7. Let i(s) = s**3 + 4*s**2 + 8*s + 3. Let z(j) = 2*a(j) - 5*i(j). What is z(t)?
4
Let p(u) = 27*u**3 - 8 + 7*u**2 - 17*u**3 - 11*u**3 + 10*u. Give p(8).
8
Let f(g) = -7*g + 3. Let t(s) = 4*s - 1. Let m(j) = -3*f(j) - 5*t(j). Calculate m(9).
5
Let s(r) = 12 - 6*r**3 + 12*r**2 - 12*r - 6*r**3 - 2 + 11*r**3. Give s(11).
-1
Let j(f) = 54*f**3 - 8*f + 49*f**3 + 56*f**3 - 2 + 58*f**3 - 216*f**3 + 7*f**2. What is j(-8)?
-2
Let j(m) = 630 + m**2 - 1265 - 2*m - m**3 + 636. What is j(1)?
-1
Let q(h) be the third derivative of -h**6/120 + 7*h**5/30 - 11*h**4/24 - 16*h**3/3 - 7*h**2 + 2*h. Determine q(13).
-6
Let c(d) = 5*d**2 + d - 1. Let r be c(4). Let v(n) = 0 - 3 - r*n + 95*n + n**2. Determine v(-12).
-3
Let v = 798 + -805. Let s(x) = x**3 + 5*x**2 - 13*x + 4. Calculate s(v).
-3
Let w = 0 - -2. Let n(y) = 2*y + w - 4*y + 3*y. Suppose h = -3*g - 11, 2*g + 11 = -4*h + g. Give n(h).
0
Let n = -496 - -495. Let m(a) = -6 + 5 - 12*a - 9*a. Let i(t) = -t. Let g(f) = 5*i(f) - m(f). What is g(n)?
-15
Let y = 95 - 80. Let g(x) = x**3 - 17*x**2 + 29*x + 13. Let b be g(y). Let t(f) = f**3 - 4*f - 1 + 2 + 3*f + 0*f**3. Give t(b).
-5
Let f(r) = 2*r - 7. Let d(o) be the third derivative of -o**4/4 - 2*o**3/3 + 3*o**2. Let a be d(-4). Let w be (-12)/(-8)*a/6. What is f(w)?
3
Let m(d) = -2 + 3*d - 1 - 34*d + 53*d. Calculate m(-1).
-25
Let j(z) = -14*z**2 - 67*z + 9. Let a(s) = -5*s**2 - 23*s + 3. Let g(x) = 17*a(x) - 6*j(x). Determine g(6).
27
Let j(x) be the second derivative of -x**5/20 - x**4/12 - x**3/6 + x**2/2 + 2*x. Suppose 0*g = -4*g. Suppose g = 19*k - 14*k. Give j(k).
1
Let f(t) = 17*t + 11. Let x(v) = 8*v + 5. Let r(o) = -3*f(o) + 7*x(o). Let n(w) = -7*w + 5. Let k = -41 + 42. Let j be n(k). Calculate r(j).
-8
Suppose 18 = -2*s - n + 52, -5*n - 6 = -s. Let u(y) = -y**2 + 16*y + 4. Give u(s).
4
Suppose -21*c + 10 = -23*c. Let k(n) = 3*n + 14. Let x be k(c). Let s(f) be the second derivative of f**5/4 - f**4/12 + f**3/6 + f**2/2 - 4*f. Calculate s(x).
-6
Let c(j) = -j + 1. Let u(s) = -2*s - 16. Let a(x) = 3*c(x) - u(x). Let t(n) = -2*n + 37. Let r(k) = 11*a(k) - 6*t(k). Give r(9).
-4
Let h(l) = -l**3 + 2*l**2 + l. Let c = -37 + 39. Let v be (-1)/(-1) + c/2. What is h(v)?
2
Let b(o) be the third derivative of o**5/60 - o**4/3 - 2*o**3 - 55*o**2. What is b(11)?
21
Let h = -755 + 750. Let m(n) = n + 4. Determine m(h).
-1
Let b(h) = -3*h - 21. Let v be b(-8). Suppose v*k - 48 = -5*k. Let c(w) = -w**3 + 7*w**2 - 5*w - 5. Give c(k).
1
Suppose 0 = 2*u - 5*u - 4*b - 10, -3*u + 2*b = -14. Suppose 0 = 3*n + 15, 4*l - 2*n - 11 = 3. Let r(g) = -l - 3*g + 2 - 1. What is r(u)?
-6
Let p(u) = -8*u - 20. Let z(a) = -10*a - 21. Let o(c) = 4*p(c) - 3*z(c). Determine o(-8).
-1
Let f(g) be the first derivative of -g**4/2 - g**3/3 - g**2 - g - 82. Calculate f(-1).
2
Let w(m) = -4*m - 1. Let z(l) = 6*l - 4. Let c(t) = -2*w(t) - z(t). What is c(-4)?
-2
Let a be 112/(-18) + (-1 - 55/(-45)). Let m be (-2)/1 + (4 - 0). Let r(v) = 0*v + 2*v**m - v**2 + 5*v - 8. Give r(a).
-2
Let x(f) = f - 4. Let n be (-5)/(-15)*(3 + (-18 - -3)). Calculate x(n).
-8
Let v(g) = -2*g + 6. Let u be v(-5). Suppose 3*m + 1 = u. Suppose -2*o - 2*y = 2*y - 6, -4*y - 9 = m*o. Let w(j) = j + 1. Calculate w(o).
-4
Let w(n) = 8*n + 1. Suppose -4*r + 5*x - 12 = x, -x + 4 = 0. Give w(r).
9
Let b(y) = -4 + 6*y**2 - y - 2*y + 0*y - y**3 + 0*y**3. Let a = 4 - 42. Let i = -33 - a. Calculate b(i).
6
Let h = 30 - 34. Let j(p) = -p**3 - 3*p**2 + 3*p + 2. Let o be j(h). Let u(d) = d**2 - 9*d + 9. Calculate u(o).
-9
Let l be 13 + 1 + 1 + -2. Suppose 5 - l = 4*d. Let m(f) = f + 3. What is m(d)?
1
Let x(c) be the first derivative of -c**5/60 + c**4/6 + c**3/6 + 3*c**2/2 + 29. Let a(s) be the second derivative of x(s). Determine a(3).
4
Let r(o) = 2*o**2 - 9*o - 2. Let i be -14*(-5)/(-4)*62/(-155). Calculate r(i).
33
Let m(n) = 3*n**2 + 20*n - 3. Suppose 932*r - 168 = 960*r. Give m(r).
-15
Let v(w) = 3*w**2 + 8*w + 4. Let s(a) = -2*a**2 - 5*a - 3. Let u(x) = 7*s(x) + 5*v(x). Let j = -1 + 2. Suppose 3*o + 10 - j = 0, -q - o = 9. What is u(q)?
5
Suppose -j + n + 12 = -n, -3*j = -2*n - 24. Let b(i) be the second derivative of -i**3/6 + 4*i**2 + 2*i - 21. Determine b(j).
2
Let u(x) = -x**2 - 45*x + 1070. Let m be u(17). Let f(b) = b**3 - 16*b**2 + b - 21. Determine f(m).
-5
Let z be 39/36 + 1*(3 - 4). Let v(r) be the second derivative of 3/2*r**2 + z*r**4 + 0 + 4*r + 0*r**3. Calculate v(0).
3
Let i(h) = h + 15. Let w(q) = q + 2. Let y(j) = i(j) - 5*w(j). Calculate y(5).
-15
Let m(l) = 5*l**2. Let f = -76 - -75. Determine m(f).
5
Let k = 5 + -3. Let c(i) = -i**3 + i. Let r = 39 + -42. Let w(o) = 5*o**3 - 2*o**2 - 3*o + 1. Let t(h) = r*c(h) - w(h). Calculate t(k).
-9
Suppose -4*l + 26 = 6. Suppose -9*n = -4*n + r + 1, 0 = -l*n + 5*r - 25. Let k(i) = i**3 + 2*i**2 + 2*i + 1. Determine k(n).
0
Let r(f) = -f**3 + 10*f**2 - 11*f + 8. Let m be (-265)/(-159) - (-22)/12*4. Give r(m).
-10
Let w(p) = p**2 - 16 - 59 + 73 - 3*p. Suppose -4*v + 20 = -0*v + 3*j, -2*j - 25 = -5*v. What is w(v)?
8
Let g be 35/(-4 - 1) - -3. Let h(q) = 4*q**3 - 5*q - 6. Let b(f) = -5*f**3 + f**2 + 5*f + 6. Let m(x) = g*h(x) - 3*b(x). What is m(-4)?
2
Let t(w) = -11*w + 47. Let g be t(4). Let x(d) = d**2 - d - 2. Determine x(g).
4
Let s(m) = -5*m**3 + 2*m**3 + 1 + 3*m**2 - 3*m**3 - 3*m + 7*m**3 - 5*m**2. What is s(3)?
1
Let j(g) = g**3 + 8*g**2 + 8*g - 1. Let r be (-12)/30*(1 + -6) + 3. Let k(p) = -p**2 + 4*p - 2. Let x be k(r). What is j(x)?
-8
Let w(x) = x**3 - 2*x**2 + 4*x - 2. Let h be w(2). Let g(c) = 3 - 4428*c**3 + 4427*c**3 + 8*c - c + 5*c**2. What is g(h)?
9
Let k(g) = -g + 1. Let d(f) = -3*f + 3. Let m be d(-3). Suppose r = 4*q - 4, -4*q - 3*r + 0*r - m = 0. What is k(q)?
1
Suppose -2*y - 5*a + 1 = 0, 7*y - 2*a = 2*y + 17. Let k(x) = -x**3 + 3*x**2 + 3*x - 2. Give k(y).
7
Let n(j) = -j. Let h(v) = 7*v + 8. Let q(m) = -h(m) - 6*n(m). Let f be q(-2). Let t(x) be the first derivative of -x**2/2 - 11*x + 1. Calculate t(f).
-5
Let i(q) = 3*q**2 - 2. Let o(b) = -7*b**2 - b + 4. Let d(z) = 9*i(z) + 4*o(z). Let u be d(-2). Let v(a) = -2*a**3 - 2*a + 3. Give v(u).
-17
Let u(b) = -b**2 + 9*b - 9. Let q(o) = o - 1. Let p(s) = -2*q(s) - u(s). Give p(9).
-7
Let p(t) = -t - 7. Let g(w) = w. Let v(l) = -2*g(l) + p(l). Determine v(6).
-25
Let t(r) = -2*r - 2. Let f be 112/19 - 12/(-114). Let c(i) = 2*i + 3. Let h(b) = f*t(b) + 5*c(b). Let u(g) = -g**3 + 5*g**2 + 2*g - 7. Let x be u(5). Give h(x).
-3
Let t(b) = -5*b + 2*b**2 - 2547 + 1277 + 1273. Let h = 4 - 1. Let d be t(h). Let s(o) = -o. What is s(d)?
-6
Let f(o) = -16 + 42 - 4 - o. What is f(11)?
11
Let r(i) = -i**3 + 8*i**2 - 11*i + 10. Let q(u) = -1. Let n(h) = h + 10. Let l(j) = n(j) + 3*q(j). Let y be l(0). Give r(y).
-18
Let o(z) = -z**2 - 8*z - 5. Let v be (1 + -1)*5/15. Let j be (v - (-2)/(-4))/((-22)/(-352)). Give o(j).
-5
Let b = -16 - -18. Let h(z)